 = -194 + 3*w + 194 - 4*w. Suppose 0 = 26*m + 460 - 122. Give p(m).
13
Let d(u) = -u**2 + 8*u + 1. Let t be (-1853)/(-204) - (-3)/(-36). Determine d(t).
-8
Suppose -6*a + 5 = -25. Let r(g) = -g**2 - 4*g + 47. Let v be r(-9). Let k(m) = 7 - 21 + v*m**2 + 9 + 11 - 6*m. Give k(a).
26
Let p(l) be the first derivative of l**5/60 - 11*l**4/12 + 22*l**3/3 + 73*l**2 + 223. Let x(b) be the second derivative of p(b). Give x(20).
4
Let o be -6*((-28)/(-21) + -1). Let j(k) be the second derivative of k**3 + 3*k**2/2 + 3*k. What is j(o)?
-9
Let z(u) = -512 - 129*u + 61*u + 1789 + 45*u + 63*u. Calculate z(-32).
-3
Let m(p) = -p + 11. Suppose 0 = 66*b - 71*b + 20. Let u be 4 + b + 1 + -2. Calculate m(u).
4
Suppose 18*t + 202 = -7*t + 227. Let u(d) = -39*d - 2. Determine u(t).
-41
Let c(x) = -8*x. Let p(g) = 2*g - 17. Let k = -17 + 25. Let d be p(k). Let n(f) = -f. Let r be n(d). Determine c(r).
-8
Let p(u) = -u**2 + 6*u. Suppose 0 = -l + 4*l - 9. Let c(m) = m - 4. Let z be c(6). Let s = z + l. What is p(s)?
5
Let l(m) = -m**3 + 6*m**2 + m - 2. Let w be l(6). Suppose w*z + 9 = z. Let r(b) = -3*b - 1. Give r(z).
8
Let v(f) = -23*f**3 + 58*f**2 + 10*f - 27. Let a(k) = 20*k**3 - 52*k**2 - 8*k + 26. Let d(q) = -8*a(q) - 7*v(q). Give d(-8).
157
Let b = 18 + -9. Let q(t) = -29107 - 10*t - 3*t**3 + 4*t**3 + 14541 + 14553 - 8*t**2. Give q(b).
-22
Suppose -7*f = -4*f + 6. Let y(j) = -2*j + 4. Let x(w) = -529*w + 1052*w + 11 - 528*w. Let t(m) = -3*x(m) + 8*y(m). Give t(f).
1
Let q(w) = 6*w - 3. Let i = -5657 + 5656. Determine q(i).
-9
Let b(a) = 3*a**2 + 5*a - 8. Let v be (78/390)/(1/15). What is b(v)?
34
Let l(h) = 8*h - 2. Suppose 14*p - 833 + 231 = 0. Suppose p = -g + 46. Give l(g).
22
Let i(c) = c - 10. Suppose 14*p + 280 = 42*p. Let f be i(p). Let q(x) = x**3 + x**2 + 13. Determine q(f).
13
Let u(l) be the third derivative of 0*l + 0 - 7/24*l**4 - 17*l**2 - 1/30*l**5 + 1/3*l**3. Determine u(-5).
-13
Let i(p) be the third derivative of -p**6/120 - 2*p**5/15 - 7*p**4/24 + 3*p**3/2 + 621*p**2. Calculate i(-7).
9
Let l(h) = 6*h**3 - 2*h - 1. Suppose 58*y + 420 = 73*y. Let u(c) = -c**2 + 23*c + 139. Let v be u(y). Give l(v).
-5
Let w(n) be the second derivative of n**5/20 + 2*n**4/3 + 4*n**3/3 + 11*n**2/2 + 6*n - 15. Determine w(-7).
4
Let o(r) = r**2 + 7*r + 2. Let p = 57 - 39. Let c = -29 + p. Let g be c - ((-6)/3 + -1). Calculate o(g).
10
Let p(q) = 2*q**2 - q + 1. Suppose -44*o = -51*o + 35. Let y(d) = -d**3 - 23*d**2 - 9*d - 14. Let m(k) = o*p(k) + y(k). Give m(-12).
15
Let y(o) be the second derivative of 0*o**3 + 1/240*o**6 + 0 + 15*o + 0*o**2 + 1/4*o**4 + 1/24*o**5. Let s(t) be the third derivative of y(t). What is s(-6)?
-13
Let b be ((-48)/(-28) - 2) + (-216)/126. Let w(l) = 3 + 3*l + 2*l**2 - 1 + 2*l**3 + 6*l**3 - 6*l**3. Give w(b).
-12
Let v(h) be the second derivative of h**7/180 + h**6/720 - 32*h**4/3 + 58*h. Let f(m) be the third derivative of v(m). Determine f(-1).
13
Suppose 12 = 39*b + 64 + 26. Let y(m) = -13*m**3 + m**2 - m + 2. Give y(b).
112
Let q(p) = p**3 + 19*p**2 - 2*p - 8. Let s = -8358 - -8339. Determine q(s).
30
Let t(a) be the first derivative of a**5/30 - a**4/24 - a**2 + 7*a + 24. Let b(l) be the second derivative of t(l). Suppose -1 = -5*i + 4*i. Give b(i).
1
Let y = -2 + 4. Let n(w) = 3*w + 7 - w + y*w - w**2 + w. Let b be (-264)/(-30) + (-36)/45. Calculate n(b).
-17
Let m be (2/6 + -1)/(112/(-1512)). Suppose -4*p - m = -17. Let l(h) = h**3 + 2*h**2 - h + 2. Give l(p).
16
Let c(j) = j**2 + 2*j + 6. Let p be ((4/19)/(-2) + (-102)/(-969))/(-2). Determine c(p).
6
Let j(w) be the first derivative of w**3 + w**2 + 4*w + 1061. Calculate j(0).
4
Let w = -157 + 160. Let p(g) be the second derivative of -8*g + 1/12*g**4 - g**2 + 0 - 1/6*g**3. Calculate p(w).
4
Suppose 83 = 3*f + 20. Suppose 4*r = -12, -2*r - 3*r = -2*l + f. Let s(m) = -11*m - 4*m**2 - 3*m - 4*m - 4 - m**l + 16*m. What is s(-3)?
-7
Let h(c) = 2*c + 2. Let t(p) = 19*p + 21. Let j(q) = 40*q + 43. Let a(v) = -4*j(v) + 9*t(v). Let y(w) = a(w) - 6*h(w). Determine y(0).
5
Let q(x) = 23*x - 199. Let o(n) = n + 66. Let i(g) = -3*o(g) - q(g). What is i(1)?
-25
Let u(q) = -2*q**2 - 3*q + 17. Let a(l) = l**3 - 4*l**2 - 26*l + 81. Let j be a(6). What is u(j)?
8
Let p(w) be the first derivative of w**3/3 - 19*w**2 + 142*w + 5170. Calculate p(34).
6
Suppose 2*w + 1 = -7. Let q(c) = 22*c**2 + 53*c + 20. Let y(s) = 14*s**2 + 34*s + 13. Let d(r) = 5*q(r) - 8*y(r). What is d(w)?
-8
Let w be 5/(-2) + (-840)/(-80). Let h(m) = m - 2*m + w*m - 6*m - 20. What is h(20)?
0
Let m(i) = 3*i - 23. Let x(n) = -n**2 + 16*n + 60. Let y be x(19). Let v be (-3 + 13)/2 + y. Let r be m(v). Let u(z) = 4*z**3 + 2*z - 1. Calculate u(r).
5
Let p be 2679/14288 - (-38)/(-32). Let k(g) = 51*g**3 + 10*g**2 + 4*g - 10. Let v(x) = 17*x**3 + 3*x**2 + x - 3. Let z(c) = 2*k(c) - 7*v(c). What is z(p)?
16
Let u(f) be the first derivative of -10*f**2 - 53*f + 1381. Determine u(-3).
7
Let z = 105103/24 + -4379. Let l(s) be the third derivative of 1/6*s**3 + 0 + 1/60*s**5 + z*s**4 + 0*s + 10*s**2. Determine l(-7).
1
Let n(c) be the second derivative of c**6/720 - 11*c**5/120 + 115*c**4/12 + 142*c. Let g(f) be the third derivative of n(f). Determine g(9).
-2
Let b(d) = d**3 + 3*d**2 - d - 1. Let o(v) = 7*v**2 - 2*v + 2. Let u be o(1). Let c(a) = 2*a**3 + 5*a**2 - 2*a - 3. Let t(x) = u*b(x) - 3*c(x). Give t(-6).
8
Let w(l) = -l - 2. Suppose -4*r + 372 = 2*m, -4*r + 3 = -r. Let a = m - 187. Determine w(a).
1
Let c(b) = -157*b**2 + 16*b + 202. Let i(g) = 35*g**2 - 4*g - 50. Let d(t) = -2*c(t) - 9*i(t). Determine d(10).
-14
Suppose 234 - 32 = 2*i. Let v(h) = -h + 107 + h + h**2 - 221 + i. Give v(0).
-13
Suppose 244*s = -3236 + 552. Let q(r) = r**2 + 6*r - 6 + 3*r + 2*r. Calculate q(s).
-6
Let l = 59 + -37. Let q = l - 20. Let w(o) = -2 + 0 - q + 5 - o. Determine w(-5).
6
Let w = 6325 + -6318. Let u(n) = -n + 4. Calculate u(w).
-3
Let s(n) = -n**3 + 7*n**2 - 7*n + 3. Let u = -508 - -550. Suppose 52*o - 60 = u*o. Give s(o).
-3
Let n(s) = 13*s**2 - 30*s - 10*s**2 - 16 - 2*s**2 + 24*s + 3. What is n(-6)?
59
Let s = 15372 + -15379. Let q(d) be the second derivative of d**3/2 + d**2/2 + 12*d. Give q(s).
-20
Let d = 127 - 24. Suppose -108*z + d*z - 20 = 0. Let q(i) = 3*i + 2. Calculate q(z).
-10
Let v be -2 - -1 - (-24 + 10 + -11). Let z(p) = -3*p + 70. What is z(v)?
-2
Let l(k) = 0 - 1 + 4 - 4 - 2*k**2 + 6*k. Let s = 10042 + -10037. What is l(s)?
-21
Let p(t) be the second derivative of -t**3 + 1/20*t**5 + 2*t**2 + 8*t + 1/2*t**4 + 0. Suppose -2*n = 12 + 2. What is p(n)?
-3
Let h = 91 - 94. Let z(a) = 2*a**2 + 6*a + 12. Let j(v) = -v**2 - 3*v - 7. Let m(b) = h*z(b) - 5*j(b). Let l be (15/2)/5*2 - 9. What is m(l)?
-19
Let k(r) = -r**2 - 8*r - 6. Suppose -2*a + 67 = 3*i, 23 = 2*i - 2*a - a. Suppose i*f + 31 = -83. Determine k(f).
6
Let u be 45/75 - (-187)/5. Let x(p) = -p**2 + u + 0*p - 4*p - 39. Let f(v) = 6*v**2 + 49*v + 3. Let i be f(-8). Give x(i).
-6
Let x = -58 + 43. Let p be 40/x*(-132)/16. Let o be 16/3 + p/(-66). Let c(z) = z**3 - 6*z**2 + 4*z + 6. Calculate c(o).
1
Let v(k) be the second derivative of k**4/12 - 7*k**3/6 + 2*k**2 + 5*k. Let w(j) = j**3 - 18*j**2 - 39*j - 14. Let l be w(20). Give v(l).
-2
Let y(s) be the first derivative of s**4/4 - s**3/3 - 5*s**2/2 - 3*s - 36167. Suppose 3*m + 4 + 5 = 0. Give y(m).
-24
Let a(q) be the first derivative of -q**4/4 - 7*q**3 + 10*q**2 - 69*q - 356. What is a(-22)?
-25
Let j(r) = -13*r - 7. Let b(p) = -41*p + 49*p + 9 - 4. Let h(z) = 8*b(z) + 5*j(z). Give h(-5).
10
Let s(i) = -i**3 - i - 34. Let l(h) = 33*h + 429. Let c be l(-13). Calculate s(c).
-34
Suppose -372 - 396 = 96*p. Let x(g) = -7*g**2 - g**2 - 2 - g + 3 - g**3. Calculate x(p).
9
Let v(o) = -32*o**3 + 14*o**2 - 2. Let l(m) = 21*m**3 - 13*m**2 - 3*m + 1. Let q(y) = 3*l(y) + 2*v(y). What is q(-10)?
-11
Let n(m) = 39*m**2 - 22*m + 3. Let f(b) = 194*b**2 - 121*b + 16. Let o(p) = -2*f(p) + 11*n(p). Let h be 2/(-4) + 6/4. Calculate o(h).
42
Let d(p) be the first derivative of p**2/2 + 9*p + 24. Let c(u) = -4*u**2 + 99*u + 13. Let t be c(25). Determine d(t).
-3
Let o(r) = 65*r**3 - 1. Let n be o(-1). Let c = -4126 + 4198. Let v = n + c. Let j(i) = i**2 - 4*i - 4. Give j(v).
8
Let f(p) = 3*p**2 - 4*p**2 + 1 + 2 + p**3. Suppose 0 = -2